1510?
1
What is the ten thousands digit of 111767?
1
What is the tens digit of 18003?
0
What is the tens digit of 6325?
2
What is the ten thousands digit of 22566?
2
What is the tens digit of 40124?
2
What is the tens digit of 45190?
9
What is the tens digit of 9242?
4
What is the tens digit of 443?
4
What is the units digit of 11086?
6
What is the thousands digit of 9073?
9
What is the units digit of 1011?
1
What is the thousands digit of 45406?
5
What is the units digit of 31168?
8
What is the units digit of 16320?
0
What is the tens digit of 1263?
6
What is the thousands digit of 1483?
1
What is the tens digit of 2181?
8
What is the units digit of 5?
5
What is the tens digit of 10692?
9
What is the ten thousands digit of 31453?
3
What is the hundreds digit of 14634?
6
What is the ten thousands digit of 30165?
3
What is the hundred thousands digit of 179792?
1
What is the hundreds digit of 24123?
1
What is the units digit of 841?
1
What is the tens digit of 6298?
9
What is the units digit of 65173?
3
What is the hundreds digit of 27797?
7
What is the hundreds digit of 3278?
2
What is the tens digit of 11226?
2
What is the tens digit of 77691?
9
What is the units digit of 28291?
1
What is the tens digit of 1935?
3
What is the units digit of 21365?
5
What is the units digit of 3682?
2
What is the units digit of 36176?
6
What is the units digit of 138572?
2
What is the tens digit of 1568?
6
What is the units digit of 136?
6
What is the thousands digit of 5360?
5
What is the tens digit of 503?
0
What is the hundreds digit of 2852?
8
What is the tens digit of 457?
5
What is the hundreds digit of 2423?
4
What is the hundreds digit of 853?
8
What is the hundreds digit of 2231?
2
What is the ten thousands digit of 16709?
1
What is the hundreds digit of 10863?
8
What is the thousands digit of 42209?
2
What is the units digit of 9774?
4
What is the thousands digit of 1445?
1
What is the tens digit of 189?
8
What is the units digit of 6245?
5
What is the thousands digit of 2918?
2
What is the hundreds digit of 764?
7
What is the hundreds digit of 3107?
1
What is the hundreds digit of 1073?
0
What is the hundreds digit of 682?
6
What is the thousands digit of 2532?
2
What is the hundreds digit of 1495?
4
What is the ten thousands digit of 23074?
2
What is the tens digit of 5517?
1
What is the tens digit of 90?
9
What is the tens digit of 8626?
2
What is the thousands digit of 15789?
5
What is the hundreds digit of 8300?
3
What is the units digit of 11457?
7
What is the units digit of 37303?
3
What is the hundreds digit of 391?
3
What is the units digit of 2276?
6
What is the thousands digit of 1453?
1
What is the hundreds digit of 2599?
5
What is the hundreds digit of 1596?
5
What is the thousands digit of 8228?
8
What is the tens digit of 666?
6
What is the tens digit of 2949?
4
What is the tens digit of 1193?
9
What is the thousands digit of 3321?
3
What is the tens digit of 45208?
0
What is the hundreds digit of 2300?
3
What is the tens digit of 8658?
5
What is the units digit of 386?
6
What is the tens digit of 22669?
6
What is the units digit of 43005?
5
What is the hundreds digit of 370?
3
What is the thousands digit of 5747?
5
What is the tens digit of 25?
2
What is the units digit of 717?
7
What is the tens digit of 61?
6
What is the tens digit of 1103?
0
What is the units digit of 955?
5
What is the hundred thousands digit of 154416?
1
What is the ten thousands digit of 25539?
2
What is the tens digit of 5068?
6
What is the units digit of 35331?
1
What is the thousands digit of 54478?
4
What is the thousands digit of 2392?
2
What is the thousands digit of 45655?
5
What is the ten thousands digit of 76854?
7
What is the hundreds digit of 39625?
6
What is the thousands digit of 5279?
5
What is the units digit of 82?
2
What is the units digit of 1446?
6
What is the hundreds digit of 175189?
1
What is the hundreds digit of 8819?
8
What is the tens digit of 2589?
8
What is the units digit of 1515?
5
What is the hundreds digit of 20073?
0
What is the hundreds digit of 127?
1
What is the units digit of 844?
4
What is the hundreds digit of 3845?
8
What is the thousands digit of 40244?
0
What is the tens digit of 32033?
3
What is the tens digit of 13159?
5
What is the thousands digit of 8687?
8
What is the thousands digit of 1337?
1
What is the hundreds digit of 26191?
1
What is the units digit of 12530?
0
What is the ten thousands digit of 23275?
2
What is the hundreds digit of 65726?
7
What is the hundreds digit of 2983?
9
What is the hundreds digit of 5451?
4
What is the units digit of 1853?
3
What is the hundreds digit of 22986?
9
What is the tens digit of 402?
0
What is the hundreds digit of 579?
5
What is the ten thousands digit of 31081?
3
What is the hundreds digit of 1075?
0
What is the thousands digit of 11786?
1
What is the ten thousands digit of 11284?
1
What is the units digit of 140823?
3
What is the tens digit of 31427?
2
What is the hundreds digit of 504?
5
What is the units digit of 14559?
9
What is the units digit of 787?
7
What is the tens digit of 4605?
0
What is the hundreds digit of 2011?
0
What is the tens digit of 2123?
2
What is the tens digit of 3719?
1
What is the ten thousands digit of 115225?
1
What is the thousands digit of 1302?
1
What is the thousands digit of 1935?
1
What is the hundreds digit of 4168?
1
What is the units digit of 1093?
3
What is the tens digit of 3678?
7
What is the tens digit of 57782?
8
What is the hundreds digit of 845?
8
What is the hundreds digit of 22454?
4
What is the thousands digit of 6311?
6
What is the units digit of 3688?
8
What is the tens digit of 1553?
5
What is the units digit of 910?
0
What is the thousands digit of 1969?
1
What is the tens digit of 23708?
0
What is the tens digit of 647?
4
What is the thousands digit of 1321?
1
What is the units digit of 1303?
3
What is the ten thousands digit of 12914?
1
What is the tens digit of 634?
3
What is the units digit of 2820?
0
What is the units digit of 675?
5
What is the hundreds digit of 3687?
6
What is the thousands digit of 16270?
6
What is the hundreds digit of 486?
4
What is the thousands digit of 4308?
4
What is the tens digit of 4931?
3
What is the hundreds digit of 70379?
3
What is the thousands digit of 18943?
8
What is the tens digit of 1179?
7
What is the ten thousands digit of 29065?
2
What is the hundreds digit of 1732?
7
What is the hundreds digit of 3560?
5
What is the thousands digit of 17318?
7
What is the hundred thousands digit of 111627?
1
What is the thousands digit of 2618?
2
What is the hundred thousands digit of 105911?
1
What is the units digit of 1941?
1
What is the ten thousands digit of 54633?
5
What is the units digit of 836?
6
What is the tens digit of 13302?
0
What is the hundreds digit of 4113?
1
What is the tens digit of 31230?
3
What is the units digit of 4983?
3
What is the tens digit of 459?
5
What is the ten thousands digit of 70757?
7
What is the units digit of 1375?
5
What is the units digit of 218?
8
What is the thousands digit of 9199?
9
What is the thousands digit of 3418?
3
What is the thousands digit of 101215?
1
What is the thousands digit of 23362?
3
What is the thousands digit of 78853?
8
What is the units digit of 36349?
9
What is the units digit of 3004?
4
What is the units digit of 1653?
3
What is the thousands digit of 2026?
2
What is the units digit of 10539?
9
What is the units digit of 66618?
8
What is the tens digit of 1327?
2
What is the tens digit of 8430?
3
What is the tens digit of 32932?
3
What is the tens digit of 963?
6
What is the units digit of 11544?
4
What is the ten thousands digit of 43266?
4
What is the tens digit of 40718?
1
What is the units digit of 7410?
0
What is the thousands digit of 65375?
5
What is the units digit of 493?
3
What is the units digit of 806?
6
What is the tens digit of 1633?
3
What is the hundreds digit of 2050?
0
What is the units digit of 755?
5
What is the units digit of 60?
0
What is the units digit of 3737?
7
What is the hundreds digit of 1116?
1
What is the ten thousands digit of 31502?
3
What is the units digit of 7319?
9
What is the units digit of 1580?
0
What is the thousands digit of 17346?
7
What is the tens digit of 3065?
6
What is 